a.
127
Suppose -13*q = -11*q - 132. Let t = q + -39. What are the prime factors of t?
3
Suppose u - 40 = -2*r + 3*u, -5*r - 5*u = -150. List the prime factors of r.
5
Suppose -10 = -3*i + 26. Let l = i - 6. Suppose 5*g - 4*m - 50 + l = 0, 1 = -m. List the prime factors of g.
2
Let y(b) = b**3 - 25*b**2 + 49*b + 20. List the prime factors of y(23).
89
Suppose -2*h + 5 - 3 = -t, 4*t - h = 6. Suppose t*n + 3*n = 0. Suppose -33 = -3*u - n*u. List the prime factors of u.
11
Let v(j) = -29*j. Let u be v(2). Let z = -13 - u. List the prime factors of z.
3, 5
Suppose -2*w - w = 5*h - 229, 2*h + 2*w = 90. What are the prime factors of h?
47
Suppose 4*w = 3*f - 50, -5*f + 4*w = -83 + 13. Suppose 6*h - f = h. Let k(i) = 2*i**2 - i + 1. List the prime factors of k(h).
7
Let j = -6 + 9. Suppose j*v + 1 = 4. Suppose -5*n = s - 39, 5*s + v = 21. What are the prime factors of n?
7
Suppose 0 = -2*j - 3*u + 15, j = -2*u + 8 + 1. Suppose 4*f + 5*c - 137 = 0, -3*f - j*c + 168 = 2*f. List the prime factors of f.
3, 11
Suppose 2*a = 0, 8*i = 3*i - 5*a + 295. What are the prime factors of i?
59
Let u be (-2)/4 + 68/8. Let t be (2/(-1))/((-4)/u). Suppose -4*k = 0, t*g = -5*k + 16 + 4. List the prime factors of g.
5
Let a(d) = d**2 - d - 7*d + 4*d + d**2 - 11. List the prime factors of a(5).
19
Suppose 4*o + o - 5*l + 50 = 0, -5*o - 2*l - 43 = 0. What are the prime factors of (-1 + 0 + -2)*o?
3
Let h(a) = 3*a**2 + 11*a + 1. List the prime factors of h(-5).
3, 7
Suppose -4*z = -z + 3, 0 = 2*w - 2*z + 6. Let n = w - -9. List the prime factors of n.
5
Let o(s) = 26*s**2 + 1. What are the prime factors of o(2)?
3, 5, 7
What are the prime factors of (-1 - -3 - -29) + 2?
3, 11
Suppose 0 = 13*b - 10*b - 219. List the prime factors of b.
73
Let k(t) = -t**3 + 2*t**2 + 14*t + 12. What are the prime factors of k(-7)?
5, 71
Suppose -2*v = -5*a - 108, a + 38 = v - 13. What are the prime factors of v?
7
Let a = -6 - -14. Let h be (42/4)/((-6)/a). Let y = -7 - h. What are the prime factors of y?
7
Let k = 148 - 44. List the prime factors of k.
2, 13
Suppose 0 = -7*p + 6*p + 60. Let n = p - 31. What are the prime factors of n?
29
Let p(l) = l**2 + 13*l + 12. Let a be p(-12). Suppose -s + 0*s + 3*z + 2 = a, 4*z + 48 = 4*s. What are the prime factors of s?
17
Let m(x) = 48*x**2 + 6*x - 2. What are the prime factors of m(2)?
2, 101
Let d be (-74 + 0)*(-10)/20. Let h = d - 26. Suppose -l = -4*l + 2*g + 13, 3*l - g = h. What are the prime factors of l?
3
Suppose 7*s - 20 = 2*s. Suppose -m + s*m = 3. List the prime factors of m/(2/(-18)*-1).
3
Let h(d) = 21*d + 1. Let p be 4/(-6) - (-3)/(-9). Let m be h(p). Let l = m + 28. List the prime factors of l.
2
Suppose 3*d - 4*p - 73 = 0, 3*d - 3*p = -0*p + 75. List the prime factors of d/36 + (-314)/(-8).
2, 5
Let g = 1 + 6. Let z(m) be the second derivative of m**3/6 + 2*m**2 - m. List the prime factors of z(g).
11
Let w = -6 + 13. Let h(y) = -w*y + 4*y + 5*y + 3. What are the prime factors of h(4)?
11
Let u = -2 - 1. Let r = -1 + u. What are the prime factors of 22/(-3)*6/r?
11
Let w(t) = -t**2 + 6*t + 3. Let m be w(6). Suppose m*c = -2*c + 85. What are the prime factors of c?
17
Let j(r) = r**2 - r - 6. Let a be j(0). Let o be (-34)/a + (-3)/(-9). List the prime factors of (0 - o)*8/(-12).
2
Let y(o) = -o**3 - 6*o**2 - o - 4. Let r be y(-6). Let b(w) = r*w**2 - 2*w**2 - 5*w + 3 + w**2 + 0. What are the prime factors of b(5)?
3
Let w(j) = -j**3 - 4*j**2 - j + 5. Let h be w(-5). What are the prime factors of h/15*6/1?
2, 7
What are the prime factors of (0 - -15)*(2 - 8/(-3))?
2, 5, 7
Let z(r) = 4*r**2 + 8*r - 4. Let o(w) = -2*w**2 - 4*w + 2. Let l(m) = -5*o(m) - 2*z(m). List the prime factors of l(3).
2, 7
Suppose 2*q - 113 = -3*o, -4*q = -2*o + 7 + 79. Let z be (1 - 2)*(-2 - 1). Suppose o = z*d + 15. What are the prime factors of d?
2
Suppose 11*u - 10*u = 73. List the prime factors of u.
73
Let n(o) = o**3 + 4*o**2 - 3*o - 4. Let x be n(-4). Let d be (156/x)/(2/(-4)). List the prime factors of 3*d/27*-3.
13
Suppose 5*h - 7 = 3. Suppose -h*k - 4*u = 8, 4*k - 4*u = -0*u + 20. List the prime factors of k.
2
Let t = -61 - -146. What are the prime factors of t?
5, 17
Let z = 50 - -22. What are the prime factors of z?
2, 3
Let a = 11 + 15. List the prime factors of a.
2, 13
Let p be -1*2/3*-6. Suppose -2*n + 46 = -p. Suppose 5*g = -2*l + 53, 2*g - n = 2*l + l. List the prime factors of g.
11
Let h = 8 - 3. List the prime factors of h.
5
Let l = 153 - 53. List the prime factors of l.
2, 5
Let h(d) = -d**2 - 6*d - 2. Let x be h(-3). Suppose c = 3*t - 6, -x*c - 4 = -2*t - 2*c. What are the prime factors of t?
2
Suppose -t - k = 2*k - 11, -5*k + 15 = 0. List the prime factors of t.
2
Let c(u) = 3*u**2 + 6*u - 2. Let w be c(4). Let i = w - 46. List the prime factors of i.
2, 3
Let u(f) be the first derivative of -11/2*f**2 - 1 - 1/3*f**3 + 9*f. What are the prime factors of u(-11)?
3
What are the prime factors of 79 - (116/(-30) + (-10)/75)?
83
Let w be (-2 + 0)*(-15)/10. Let z(v) = 1 + w*v - 3*v - v. List the prime factors of z(-7).
2
Let u be 5 + 37 - (-1 - 2). Suppose -42 = -3*p + u. What are the prime factors of p?
29
Let r = 10 - 8. Suppose 2*t - 60 = 2*q, -4*q - r + 14 = 0. What are the prime factors of t?
3, 11
Let i(s) = 8*s - 2. Let t = 1 + 2. List the prime factors of i(t).
2, 11
Let r(x) = x + 1. Let p be r(-4). Let o be ((-1)/(-1))/(p/9). Let q = o + 6. List the prime factors of q.
3
Suppose -m + 5*u = -13, 3*m + 3*u + 1 = 4. Let g(x) = x**3 - 3 + 5*x**2 + 3*x - 2*x**3 + 0 - 2*x**2. List the prime factors of g(m).
2, 3
Let c(y) = 4*y**2 + 3*y + 1. What are the prime factors of c(-4)?
53
Let l(g) = g**2 - 4*g - 1. Let w = 6 - 0. List the prime factors of l(w).
11
Let n(g) = 13*g**2 - 2*g - 1. Let v be n(-1). What are the prime factors of (-669)/(-21) + 2/v?
2
Let u be ((-30)/(-9) - 3)*30. Let k = u - 27. Let r = -8 - k. What are the prime factors of r?
3
Let a(n) = -n**3 - 7*n**2 + 6*n - 39. List the prime factors of a(-9).
3, 23
Suppose 83 = -4*d + 195. What are the prime factors of d?
2, 7
Suppose -3*q = -3 - 15. What are the prime factors of q/8*-1*-20?
3, 5
Suppose -5*x = -8*m + 3*m - 75, 2*m = -x + 27. List the prime factors of x - (2/2 + -3).
3, 7
Let u(a) = a**3 + 16*a**2 - 2*a - 12. List the prime factors of u(-16).
2, 5
Let f(l) = -l**3 + 8*l**2 - 6*l + 1. What are the prime factors of f(6)?
37
Let p(z) = -3 + 4*z - 3 + 0 - 1. Suppose v - 20 = -3*v. List the prime factors of p(v).
13
List the prime factors of 2/(-5) + 679/35.
19
Let b = 3 - 1. Suppose 0 = b*g + g - 3. What are the prime factors of (-58)/(-8) - g/4?
7
Suppose 148 = 2*z - 3*f, -4*z = -2*f + 4*f - 280. List the prime factors of z.
71
Let b(t) = t**2 + 11*t + 2. Let u be b(-10). Let f(v) = 2*v**2 + 10*v + 8. List the prime factors of f(u).
2, 7
Let q be ((-5)/15)/(2/(-30)). Suppose -4*v - 56 = -q*o, -4*o = -0*v + 5*v - 12. What are the prime factors of (o/(-20))/((-1)/20)?
2
Let x = 5 - 2. List the prime factors of 0 + (-3)/(x/(-31)).
31
Suppose -3*p = -4*g + 2*g - 29, -2*p + 89 = -5*g. Let y(r) = -r**3 - 3*r**2 + r - 7. Let j be y(-5). Let z = g + j. What are the prime factors of z?
19
Suppose 5*o - 8 = o. Suppose -9 = o*z - 3*z. What are the prime factors of z?
3
Suppose -9 = -2*t + 3. Suppose -5*k - t*p + p = -50, 3*k = -2*p + 30. What are the prime factors of k?
2, 5
Let q(o) = o**2 + 2. Suppose -3*i + 2 = 11. List the prime factors of q(i).
11
Let z = 8 - -4. List the prime factors of z.
2, 3
Suppose -6*m + 4*m = -4. Let v(i) = -2 + 3 + i + i**2 + m - 5*i. What are the prime factors of v(5)?
2
Let w(g) = -g - 7. Let m be w(-6). What are the prime factors of (1/m)/(2/(-8))?
2
Let l(o) = 6*o**2 + 11*o + 18. What are the prime factors of l(-2)?
2, 5
Suppose -g = -4*b - 1 + 3, -14 = g - b. Let f = g + 31. List the prime factors of f.
13
Suppose -5*o - 2*j + 990 = 0, -6*o = -o + 4*j - 990. What are the prime factors of o?
2, 3, 11
Suppose 5*o = 2*m + 311, -3*m + 8 = m. Let s = o + -91. List the prime factors of 93/7 + 8/s.
13
Let a(c) be the first derivative of 4*c**3/3 - 3*c**2/2 - 3*c - 6. List the prime factors of a(3).
2, 3
Suppose h + 4*h - 2*r = 665, -h - r = -126. What are the prime factors of h?
131
Suppose 3*r - 153 = -0*r - 3*d, -159 = -3*r - d. Suppose 0 